-4*r = z - 14, -3*r - 8 - 7 = 5*z. Let y(c) be the third derivative of -c**6/120 - 7*c**5/60 - c**4/4 - c**3/2 + 30*c**2. Determine y(z).
-3
Let w be (-13 - (32/4)/2) + 8. Let y(h) = h**2 + 19*h + 110. Give y(w).
20
Let l(w) = w**2 + w - 44. Let i be (-19)/(-1140)*105 + 34/8. Determine l(i).
-2
Let g be (49/4)/((-140)/(-160)). Let j(h) = -h**3 + 13*h**2 + 5*h + 21. Give j(g).
-105
Let r(d) = -d**2 - d + 63. Let i be (-7 + 2 - -5)*((-3 - -1) + 3). Determine r(i).
63
Let o = 222 - 198. Suppose -o*y + 25 = -19*y. Let m(h) = h**2 - h + 1. Determine m(y).
21
Let q(u) = -u + 7*u - 5*u + 3. Let o(w) be the first derivative of w**2/2 + 4*w - 2. Let l(r) = 5*o(r) - 6*q(r). What is l(5)?
-3
Let q(c) = -c**2 + 26 + 39*c + 21 - 89 - 186. Determine q(7).
-4
Let s = -7911 + 7907. Let a(p) = 6*p**2 + 23*p + 5. Give a(s).
9
Let w = 15 + -11. Let x(s) be the first derivative of -2*s**2 - s + 31348. Calculate x(w).
-17
Let r(o) = -13*o - 63. Let p = 4079 - 4084. What is r(p)?
2
Let a = -45564 + 45572. Let j(r) be the first derivative of -r**2 - 6*r + 1. Give j(a).
-22
Let i(a) be the second derivative of a**5/20 - a**4/2 - a**3/2 - 3*a**2 + 5*a - 322. Give i(6).
-24
Let s(h) be the second derivative of -43*h + 1/2*h**2 + 0 - 1/12*h**4 + 19/20*h**5 + 0*h**3. Give s(1).
19
Let o(j) = j - 9. Let u(z) = -111*z + 216. Let k be u(4). Let w be (0/2)/((-19)/(k/24)). Determine o(w).
-9
Let t(s) be the first derivative of 1/3*s**3 + 36 + 1/2*s**2 - 2*s + 1/4*s**4. Let b = 2 + -2. Give t(b).
-2
Let n(b) = 23*b**2 + 12*b + 13. Let v(o) = 89*o**2 + 47*o + 47. Let i(m) = -15*n(m) + 4*v(m). What is i(2)?
53
Let b = -2334 - -2325. Let s(d) = d**3 + 10*d**2 + 18*d + 20. Calculate s(b).
-61
Let k be (-6)/8 + (-5170)/(-376). Let b(i) = -4*i + 54. Determine b(k).
2
Let w(g) be the third derivative of -g**7/2520 - g**6/90 - 11*g**5/6 + 7*g**2 + 5. Let b(p) be the third derivative of w(p). Determine b(-3).
-2
Let b(f) = -20*f. Let r(l) = l**2 - 8*l - 6. Let j be r(-2). Suppose -9*d + j = -23*d. Determine b(d).
20
Let c = -4501 - -4497. Suppose 6*a = 3*a + 6. Let p(q) = 3*q**2 - 2*q**2 - 2*q**2 + q + a + 2*q**2. Calculate p(c).
14
Suppose 4*u = -4*w + 7*w + 6, 3*u - 5*w = -1. Let r(i) = 8*i**3 + 7*i - 8*i**u + i**3 - 7*i**2 - 2 - 4. Let z(m) = -m + 6. Let f be z(0). Calculate r(f).
0
Let v(n) = -n**2 - 8*n - 9. Let w be (-148 - -153)*(0 + 1). Determine v(w).
-74
Let j(z) be the third derivative of z**6/60 - z**5/4 - 7*z**4/12 + 14*z**3/3 + z**2 + 163*z - 2. Give j(8).
-20
Let j(v) = 10*v - 5*v**2 + 2 + v**3 + 11*v**2 + 6. Let l be j(-4). Let d(x) = -x**3 + x**2 + x - 3. Determine d(l).
-3
Let r(w) be the second derivative of -13*w**3/6 - 54*w**2 + 229*w. Determine r(-8).
-4
Suppose 10 = 438*m - 440*m. Let s(d) be the second derivative of d**3/2 + 5*d**2/2 - d. Give s(m).
-10
Suppose -l = -4*l + 2*j + 394, -3*j = l - 124. Let y = l + -122. Let a(s) = 5*s + 4. What is a(y)?
44
Let p(q) be the second derivative of -q**3/6 + 3*q**2 - q. Let t be 300/(-27) - ((-16809)/(-351) - 47). What is p(t)?
18
Let x(a) = a**2 - a + 1. Let u = -30 - -32. Let g(f) = 3*f**2 + 3*f - 1. Let z(c) = u*x(c) - g(c). Let k(m) = -m. Let d be k(4). Give z(d).
7
Let w(p) = p**3 - 5*p**2 - 7*p. Let i(f) = -4*f - 5 - 6 + 17 - 8 + 8*f. Let x be 0 + 2 + -3 - -3. Let t be i(x). Determine w(t).
-6
Let k(b) = -3*b**2 - 10*b - 2. Suppose -305 + 465 = -40*c. Calculate k(c).
-10
Suppose 11 = 2*d - 1. Let l be ((-6)/4)/(d/(-8)*1). Let y(i) = 2*i + l*i + i**2 + 3*i - 6 - i. What is y(-8)?
10
Let h(z) = -2*z. Let p(y) = -y**3 - 16*y**2 - 1. Let f = -110 + 94. Let x be p(f). Give h(x).
2
Let y(s) be the second derivative of s**5/60 - s**4/12 - 3*s**3/2 + 58*s**2 + 68*s. Let b(x) be the first derivative of y(x). What is b(0)?
-9
Let u(z) = 60*z - 6*z**2 + 2*z**3 - 57*z - 1 - 5*z**3 + 2*z**3. Let r(k) = -k**3 + 6*k**2 + 17*k - 14. Let l be r(8). Determine u(l).
-19
Let t be (18/(-6) + -1 - -4)*8/(-16). Let x(u) be the second derivative of -1/6*u**3 + 0*u**2 + 1/6*u**4 + t + 4*u. Determine x(2).
6
Let a(r) = r**3 + 15*r - 14*r + 2 + 4*r + 7*r**2. Let o = -63 - -53. Let g(k) = -k**2 - 10*k - 6. Let j be g(o). Calculate a(j).
8
Let c(s) = 13*s + 54. Let q(a) = 16*a + 41. Let k(w) = -4*c(w) + 3*q(w). Calculate k(-22).
-5
Let a(i) = -2*i**3 + 3*i**2 - 2*i + 1. Let t = 4 + 61. Let o = t - 51. Let u be (-32)/56*o/(-4). What is a(u)?
-7
Let p be (-3)/2*(-28)/6. Let x(k) = -8*k + 581 - 80*k**2 + 81*k**2 - 575. Determine x(p).
-1
Let x = 7 + -4. Let l be x*2 + -1 + -1. Let u(s) = -480 - 397 - 3*s + 879. Give u(l).
-10
Let i be (-56)/(-6)*7020/5460. Let y(v) = -9*v + 114. Calculate y(i).
6
Suppose 5*a + 3*f + 12 - 51 = 0, 9 = -a + 5*f. Let z(p) = -2*p**3 + p**3 - 17*p + 1 + 3*p**2 + 4 + 15*p + 4*p**2. What is z(a)?
29
Let h(w) be the second derivative of 3 + 1/2*w**4 - 3*w**2 - 1/20*w**5 - 4*w + w**3. Let l = 24 - 17. Calculate h(l).
-13
Let b(k) = -k - 10. Let p be ((-14)/(-4) - -2) + (-15)/(-30). Suppose 5*d - 4*v = 40, -p*v - 5 = -5*v. Let n be 10/d*(-16)/5. What is b(n)?
-2
Let a(w) be the first derivative of 9*w + 24 - 1/2*w**2. Let y = 1 - 1. Calculate a(y).
9
Let r(l) = l - 4. Let d be (-54)/(-21) - 2 - (-958)/14. Suppose d = -2*v - 3*q, -4*v - 4*q = -9 + 145. Let s be 14/35*(v - -3)/3. Calculate r(s).
-8
Suppose 2*z - 260 = -2*z. Let d = z + -63. Let v(l) = -13*l**2 - 7*l**2 + 6*l + 3 - 6*l**d + 25*l**2. Calculate v(5).
8
Let u(r) = -r**2 + 6*r + 52. Let y be u(9). Let f(d) = d**3 + 4*d**2 + d**2 + 2*d**2 + 29*d - y*d. Let z = -16 - -10. Calculate f(z).
12
Suppose -44 + 14 = -5*l. Let p(r) = -r - 7 - r**2 + 0 - l*r + 0*r**2. Suppose 0 = s - 3*i + 20, 8*s - 9*s - 25 = -4*i. Calculate p(s).
3
Let c be 3 + 10 + (4 - 8). Suppose 0 = -g + c - 16. Let f(b) = b**3 + 8*b**2 + 5*b - 6. Calculate f(g).
8
Let q(t) = t**3 + 19*t**2 - 22*t - 39. Let h be q(-20). Let s = 68 + -66. Let b(g) = -36 + 3*g + 18*g**s + 0*g - g + 35. Give b(h).
19
Let w be ((44/(-165))/(-4))/((-4)/(-10)). Let i(s) be the second derivative of 0 - w*s**3 - 1/4*s**4 - 1/20*s**5 + 3/2*s**2 + 11*s. Determine i(-3).
6
Let s(y) = 42*y**3 - 15*y**2 + 96*y + 96. Let q(u) = 11*u**3 - 4*u**2 + 24*u + 25. Let l(b) = 23*q(b) - 6*s(b). Calculate l(6).
-1
Let f = -54 + 54. Let g(k) = -62*k - 6*k**2 - k**2 + 1 + f*k**2 + 61*k. Let i(d) = 6*d**2 + d - 1. Let z(a) = 4*g(a) + 5*i(a). Determine z(3).
20
Let b(h) = -13*h - 14*h + 28*h + 4*h**2 - 11*h**2 + 6*h**3 - 6 - 5*h**3. Let s be (-4 - 28/(-2)) + -4. Calculate b(s).
-36
Suppose -4*h + 5*l + 14 = -6*h, 2*h - 4*l - 22 = 0. Let v(q) = 3*q**3 + q**2. Let w(a) = 4*a**3 - a**2. Let z(b) = h*v(b) - 2*w(b). Calculate z(-5).
0
Let g(l) = -9*l - 22*l**2 + 21*l**2 + 2 - 2. Let z(q) = -4*q - 9. Let j(x) = -5*x - 9. Let i(u) = -4*j(u) + 3*z(u). Let w be i(-2). Calculate g(w).
14
Suppose -f + 6 = -j, -4*f + 14 = -f - 2*j. Let q(h) = 2*h**f - 95*h - 8 + 6 + 99*h. What is q(-4)?
14
Let q(k) = -5 + k + 2 - 2*k. Let x = 2174 - 3313. Let h = x - -1145. Give q(h).
-9
Let c(w) be the first derivative of -5*w**2/2 - 21*w + 1147. Give c(-6).
9
Let p(j) = j**3 - 32*j**2 + j - 43. Suppose 0 = 114*i - 632*i - 10687 + 27263. Calculate p(i).
-11
Let q(y) = y - 1. Let t(d) = 3*d - 7. Let n(l) = 4*q(l) - t(l). Suppose 4*v - 1 = 7, 0 = 5*s - 2*v + 19. Let r = 3 + s. Calculate n(r).
3
Suppose -12*s + 22*s - 22*s = 0. Let r(x) = x - 47. Give r(s).
-47
Let f be (3/(-9))/((-14)/840). Let u(o) = f*o**2 - 19*o**2 - 84 + 82 - 13*o. What is u(12)?
-14
Let y(o) = o**3 + 5*o - o**2 - 4*o + 2689 - 2680. Suppose 0 = 4*b - 3*c - 3, 4 = -5*b - 5*c - 1. Give y(b).
9
Let b be (27/12*1)/(2/8). Suppose -b*p + 3 = -15. Let j(i) = p + 0 + 200*i - 199*i. Calculate j(4).
6
Let d = 433 + -359. Let j = d + -94. Let c(z) = 2*z + 32. Calculate c(j).
-8
Let i(o) = 2*o + 2414*o**3 - 4822*o**3 - 14 + 2406*o**3 - o**2. What is i(3)?
-71
Suppose -32*a - 109 = -205. Let g(z) be the third derivative of a*z**2 + 0 - 1/24*z**4 + 0*z - 5/6*z**3. Calculate g(-4).
-1
Let g(k) = -k**2 + 2*k - 17. Let h = 866 - 864. Suppose 0 = q + 4*s - 8, q + h*s - 4 = 5*q. Determine g(q).
-17
Let z(b) = 2*b**3 + 3*b**2 - b + 6. Suppose -32 = -18*d - 7*d - 107. Give z(d).
-18
Let m(v) = 8*v**2 + 17*v**3 - 27 + 9*v**2 - 18*v**3 + 20*v. Let g be m(18). Let s(n) = n**3 + 14*n**2 + 22*n**2 - 3 + g*n - 37*n**2 - 12*n. 